 Suppose -7*j + w = 251. Calculate the greatest common factor of j and 348.
12
Let q(x) = x**2 + 2*x + 1. Let d(n) = -n**3 + 2*n**2 + 4*n + 186. Let j(a) = d(a) - 4*q(a). Let y be j(0). Calculate the highest common divisor of y and 14.
14
Let f(t) = 10*t**2 + 24*t - 75. Let q(s) = 19*s**2 + 47*s - 147. Let w(u) = 5*f(u) - 2*q(u). Let i be w(6). Calculate the highest common divisor of i and 117.
39
Let f(v) = -3*v**2 - 43*v + 25. Let b be f(-6). What is the greatest common divisor of b and 35?
35
Suppose 3*a = -15, -80 = -4*m - 2*a + 70. Calculate the greatest common divisor of 255 and m.
5
Suppose -u + 14 = j, 3*j + 4*u = 6*j - 28. What is the greatest common factor of 99 and j?
3
Suppose 17 = 3*s + n, s - 5*n = -11 - 10. Suppose -s = 4*r + 8. Let g be r/(18/4) - (-5824)/168. Calculate the highest common factor of g and 136.
34
Suppose 43*i = 7419 - 2689. Calculate the highest common divisor of 352 and i.
22
Suppose 0 = 4*f + 4*d - 204, 0 = 50*f - 48*f + d - 98. What is the greatest common factor of 611 and f?
47
Let p = -35 - -68. Suppose -g - p = -3*g + 5*o, 4*o - 12 = 0. Let z = -7959 + 8055. What is the highest common factor of g and z?
24
Suppose -70 - 102 = -4*w. Let i = 134 - -81. Calculate the highest common factor of w and i.
43
Let w = -3981 - -4022. What is the highest common factor of 1681 and w?
41
Let n(r) = 3*r**2 + 2*r + 4. Let q be n(-2). Let g = q - -84. What is the greatest common divisor of 80 and g?
16
Let g be -4 + (2/(-1) + 0 - 11466/(-63)). Calculate the highest common factor of g and 9680.
176
Suppose m = -m + z + 30, -m = -4*z - 15. Let r = 17 - m. Let a = 913 + -899. What is the highest common factor of r and a?
2
Let v(a) = 4 + 3*a - 21 - 11. Let x be v(14). What is the greatest common divisor of x and 3?
1
Suppose 0 = 1113*f - 1117*f + 4128. What is the greatest common factor of f and 86?
86
Let n(c) = -519*c + 151. Let q be n(-6). What is the highest common divisor of q and 5?
5
Let h = -883 + 885. Suppose 5*a + 2*u - 253 = 0, -h*a + 146 = 4*u + 48. What is the greatest common divisor of a and 3?
3
Let h be (-4 + (-5)/(-10))*(2 + 0). Let n be ((-28)/(-16))/(h/(-140)). Calculate the greatest common factor of n and 14.
7
Let t(d) = 21*d - 95. Let a be (-2)/(-1) + (13/1 - 8). Let r be t(a). Calculate the highest common factor of 286 and r.
26
Let p = 3386 + -2671. What is the greatest common divisor of p and 325?
65
Let x(s) = -195*s. Let n = -24 + 22. Let c be x(n). Calculate the highest common divisor of 30 and c.
30
Let g = -30 + 13. Let f = g - -19. Suppose 0 = -5*k - 5*d + 90, -d + 6 = -f*k + 33. Calculate the highest common divisor of 6 and k.
3
Suppose -z = -3*w - 202 - 947, -3469 = -3*z - 2*w. What is the greatest common factor of 990 and z?
165
Suppose -4*s - 2*j + 1928 = 0, -5*j = 1836*s - 1831*s - 2405. What is the highest common divisor of 672 and s?
21
Let z(h) = -8*h + 269. Let i be z(35). Let q be 3/1 + (3 - i) - -3. What is the highest common factor of q and 1620?
20
Suppose 5654 = 8*p + 54. Suppose 0 = -16*z + p - 60. What is the greatest common divisor of 72 and z?
8
Suppose 5*x + 125 = 20. Let b = 32 + x. Suppose 3*p - b - 649 = 0. Calculate the greatest common divisor of 20 and p.
20
Let r = -394 + 419. What is the highest common factor of 325 and r?
25
Let n(v) = -v**2 + 16*v - 12. Let x be n(12). Let y be 2/(-6)*4*(-81)/x. Let f = 51 + -27. What is the greatest common divisor of y and f?
3
Let k be 1101/7 - (27/21 + -1). Let h = 208 - k. What is the greatest common factor of h and 6?
3
Let q be 15 - (4 + -10 + 7). Let i(k) = -k**3 + 12*k**2 + 33*k - 50. Let s be i(q). What is the highest common divisor of s and 860?
20
Let t be 18*(0/(-1) - -2). Suppose -178572 = -739*b + 346624 + 86696. What is the greatest common factor of t and b?
36
Let h = 498 - 328. Suppose -5*n - 2*x + 896 = 0, -9*x + 14*x - h = -n. What is the highest common factor of 20 and n?
20
Suppose -5*r - 17*j = -13*j - 5690, 5*r - 5655 = 3*j. What is the highest common divisor of 27 and r?
27
Let y be 112/5*(-1190)/(-476). What is the greatest common factor of y and 328?
8
Let t(r) = -4*r**3 - 34*r**2 + 31*r + 131. Let c be t(-9). What is the greatest common factor of 679 and c?
7
Suppose -3*w - 4 = -2*w. Let z be w/(-14) - (-1)/((-7)/(-33)). Suppose -5*b + 99 = 3*n, -z*b + 3*n - n = -109. Calculate the highest common divisor of 3 and b.
3
Let j be 7/(-14)*2*(-7119 - 7). Calculate the greatest common divisor of j and 42.
14
Suppose 5*l = 5*t + 691 + 649, -4*t = 3*l - 839. Calculate the highest common factor of l and 378.
21
Suppose 0 = -8*g - 5*g - 1105. Let b = g + 142. Calculate the greatest common divisor of 3 and b.
3
Suppose 34 = -2*j - 50. Let l be 0 - -116 - j/(-7). What is the greatest common factor of l and 20?
10
Suppose 45*j - 517 + 69 = 13*j. What is the highest common divisor of 21028 and j?
14
Suppose -2*a = 3*q - 10, -2*q - 3*a = -5*a. What is the greatest common divisor of q and 55?
1
Let y(o) = -57*o + 4042. Let a be y(-163). What is the highest common divisor of 67 and a?
67
Let f(z) = 119*z**2 - 275*z + 2. Let i be f(4). What is the highest common divisor of i and 130?
26
Suppose 4*i = -12, 0 = -5*f - 2*i - 4 + 108. Calculate the highest common factor of f and 16038.
22
Let u = -2339 - -2384. Calculate the highest common divisor of u and 2985.
15
Let d(u) = 134*u**3 + 2*u**2 - u. Let x be d(1). Suppose 19*i + 830 = 211*i - 26*i. What is the highest common divisor of x and i?
5
Suppose -376*u - 507 = -3*a - 373*u, -4*u - 512 = -3*a. Calculate the greatest common factor of 41 and a.
41
Suppose -z - 5*l + 31 = 0, 26 = -4*z + 5*z + 4*l. Suppose -z*m = 741 - 1413. Calculate the greatest common divisor of m and 32.
16
Let y(u) = u**2 + 6*u + 7. Let k be y(-5). Suppose k*w = -w + 75. Let r = -22 + w. Calculate the highest common divisor of r and 24.
3
Let h(o) = 69*o - 58. Let x be h(-3). Let z = 275 + x. Calculate the highest common divisor of 35 and z.
5
Suppose -84 = -3*s + 3*u, 0 = 4*s + 2*u - 194 + 40. What is the greatest common divisor of s and 365?
5
Let q = -21574 - -26150. What is the highest common factor of 8 and q?
8
Let g(b) = -b**2 - 23*b - 10. Let x(a) = 5*a - 101. Let q be x(17). Let z be g(q). Calculate the greatest common factor of 255 and z.
51
Suppose -d = -5*x + 2204, 3*d + 972 = 4*x - 800. What is the greatest common divisor of 1210 and x?
110
Let w = -899 - -1499. Calculate the greatest common factor of w and 6.
6
Let d(s) = -s**3 - 34*s**2 - 349*s - 34. Let y be d(-13). What is the greatest common factor of y and 198?
18
Let z = 3539 - 3526. Calculate the greatest common divisor of z and 1222.
13
Suppose 0*i + 13*i + 3*g - 1415 = 0, 0 = -2*g - 10. Let m(y) = -y**3 - y + 88. Let o be m(0). What is the highest common factor of o and i?
22
Suppose -z = -3*z - 4*b + 60, 3*z - 98 = 2*b. Let f(l) = 39*l + 184. Let t be f(8). Calculate the highest common divisor of t and z.
16
Let q(g) = 4*g**3 - g**2 + 2*g. Suppose -3*b - 13 = -2*h, 0*b = -5*h + 4*b + 22. Let m be q(h). Let l = m + -24. What is the highest common divisor of 24 and l?
8
Suppose 0 = f - 234 + 29. Let o be (-702)/(-108) - 233/(-2). Calculate the highest common factor of f and o.
41
Let w = -4597 + 4617. Calculate the greatest common factor of w and 4980.
20
Let v be 5 - -119 - -6 - (-1 - -2). Suppose -3*m - 5*w + 57 = 0, 3*m + 0*m = 5*w + 87. Suppose 110 - m = 2*l. What is the greatest common factor of l and v?
43
Let p(a) = 332*a + 2082. Let u be p(-6). What is the highest common factor of 3645 and u?
45
Let h be ((-2)/1)/(1/(-6)). Let d(i) = -7727*i + 123698. Let g be d(16). Calculate the greatest common divisor of g and h.
6
Suppose -226*z + 13978 = -38687 - 147119. Calculate the greatest common divisor of 238 and z.
34
Let k be (17/51)/(3/13518). What is the highest common divisor of 2 and k?
2
Suppose -7*r - 5 = 121. Let o be 34/3 + r/(-27). Let g be (4 + 5)/(9/o). Calculate the greatest common divisor of g and 108.
12
Let x be ((-196)/(-22))/(114/1881). Let t = 72 - 30. Calculate the highest common divisor of t and x.
21
Suppose -56 = -34*i + 30*i. Suppose -3*g = 4*o + 77, 2*o - 4*g + 22 = -0*g. Let m(r) = -3*r - 37. Let x be m(o). Calculate the highest common factor of i and x.
14
Let g(j) = 4*j - 25. Let p be g(7). Suppose